
32
Suppose 3 = 4*c - 3*c. Suppose c*x + 80 = 8*x. What is the highest common factor of x and 2?
2
Let z(h) be the first derivative of -h**4/4 - 2*h**3/3 - h**2 + h - 1. Let i be z(-2). Let v = 50 - 35. What is the greatest common divisor of v and i?
5
Let c(x) = 0 + 4*x + 0 - 2 - 4. Let d be c(5). Suppose -3*t = -t - 112. What is the highest common divisor of d and t?
14
Let h = 2731 - 2671. What is the highest common factor of 492 and h?
12
Let i = -42 + 65. Let k = 627 - 374. Calculate the highest common factor of k and i.
23
Let j be 160/(60/10 + -4). Calculate the greatest common factor of 48 and j.
16
Suppose -o - 12 = -4*o. Suppose -2*s = -6*v + 2*v + 316, 0 = -4*v + o*s + 324. Calculate the highest common factor of 7 and v.
7
Suppose -14 = d - 6*d - g, 0 = 3*g - 12. Let u(x) = -3*x - 1. Let i = -1 - 0. Let q be u(i). What is the highest common factor of d and q?
2
Let d be 2/((-18)/(-33))*-3. Let q = 4 - d. Let c(i) = i + 165. Let v be c(0). What is the greatest common divisor of q and v?
15
Let s(r) = -2*r**2 + 30*r - 21. Let k(p) = -p**2 + 15*p - 10. Let q(x) = -11*k(x) + 6*s(x). Let w be q(7). What is the highest common factor of 15 and w?
5
Let t(r) = -18*r - 166. Let o be t(-11). Calculate the greatest common factor of o and 128.
32
Let g be 3 - ((-20)/5 - -4). Suppose -2*b = 0, 5*d - 185 = b - g*b. What is the highest common factor of d and 148?
37
Suppose 7*o - 5*o = 0. Let m(t) = -t**2 - t - 12. Let q be m(o). Let p be (-50)/4*q/15. Calculate the greatest common divisor of p and 110.
10
Let g be -1*8 + (0 - 0). Let v be ((-14)/g)/((-1)/(-44)). Let q = -1189 - -1200. What is the highest common factor of v and q?
11
Let l = -8 + 44. Let t = -32 + l. Calculate the highest common divisor of 1 and t.
1
Let q(s) = 3*s - 7. Let o be q(3). Suppose -10 = -3*x - o*l, -4*l - 7 - 9 = -3*x. Suppose j = -x*j + 50. What is the greatest common divisor of j and 10?
10
Let l = -200 - -240. Calculate the greatest common divisor of l and 10.
10
Suppose -7*x + 12*x - 25 = 0. Suppose -4*k + 3*s = -1129, -5*k - x*s + 9*s + 1410 = 0. Calculate the highest common factor of k and 26.
26
Let u = -58 - -59. Let c(o) = 42*o**2 + 4*o - 1. Let y be c(u). Calculate the highest common factor of 5 and y.
5
Let o = -5 + 9. Suppose -199 = o*k - 59. Let t be (-10)/4*28/k. Calculate the greatest common factor of t and 6.
2
Let y = -48 - -90. Suppose -y - 174 = -6*v. Calculate the greatest common divisor of v and 48.
12
Suppose 0 = -b - 2*n + 28 - 3, 5*b - 99 = 3*n. What is the greatest common divisor of 9 and b?
3
Let q = -132 - -220. Suppose 266 - 31 = 5*m - 3*c, -5*m = -2*c - 230. Calculate the greatest common divisor of q and m.
44
Let q(k) = 3*k + 5. Let c be q(2). Let a(m) = 3*m - 25. Let b be a(c). Let y be (b - -3) + 12/(-4). What is the greatest common divisor of 8 and y?
8
Suppose 0 = 10*l - 7*l. Suppose 6*d - 2*d - 64 = l. Calculate the greatest common divisor of d and 128.
16
Let l be (-20)/90 - 1937/(-9). Let q = l - 107. What is the highest common factor of 12 and q?
12
Let c = 4 - -12. Let v be (90/(-35))/(6/(-112)). Suppose -4*p + v = -2*p. Calculate the highest common divisor of p and c.
8
Let h be (3 - 93/27) + 210016/144. What is the greatest common factor of h and 648?
162
Suppose -44*v = -50*v + 816. Let x be (20/(-3) - -1)*9/(-3). Calculate the greatest common divisor of x and v.
17
Suppose -3*o = -13 - 41. Suppose 18 = -3*w + 36. Calculate the highest common factor of w and o.
6
Let m(h) = h**2 + h + 1. Let x be m(-4). What is the greatest common divisor of 1417 and x?
13
Let m(p) = -3087*p + 41. Let w be m(-1). What is the highest common factor of 136 and w?
136
Let y = 28 - -35. Suppose 50*k - 574 = 1526. What is the greatest common divisor of y and k?
21
Suppose -57*y + 54*y = -4*t + 567, -579 = -4*t - y. What is the highest common factor of t and 2304?
144
Suppose -3*l = -v + 32, 4*v + 0*l = -3*l + 188. Let s be ((-2)/(-8))/1 - (-30)/(-24). Let o be 5 - -5 - s/1. What is the highest common factor of o and v?
11
Suppose 4*i + 5*h = -0*i + 428, 5*i - 535 = 3*h. Let x be (-6)/(195/99 - 2). Let y = x - i. What is the highest common divisor of y and 13?
13
Let z = -48 - -61. Suppose 0 = -4*l + 239 - 15. Let u be (0 - 0) + (l - 4). What is the greatest common divisor of u and z?
13
Let a(v) = v**2 - 4*v - 81. Let i be a(13). Calculate the highest common divisor of 76 and i.
4
Suppose 5*g = 6*g - 5. Suppose 2*q = g*q. Suppose q = -n + 4 + 18. What is the highest common divisor of 242 and n?
22
Let s be ((-2032)/(-24) + -4)/(4/6). Let i = -56 + s. What is the highest common factor of i and 5?
5
Let w(h) = h**2 - 11*h - 3. Suppose -4*i - 30 = -7*i. Let u = i + 2. Let n be w(u). Calculate the greatest common factor of 18 and n.
9
Suppose -54 = -17*s + 184. Let n = 48 + -34. Calculate the greatest common divisor of n and s.
14
Suppose -5*u = 2*f - 108, 14*u + 4*f = 19*u - 84. Let j(n) = 3*n**2 + 4*n - 5. Let p be j(-5). Calculate the greatest common divisor of u and p.
10
Let h(z) = -2*z**2 - 15*z - 11. Let s be h(-7). Let i(t) = -24*t - 32. Let u be i(s). Calculate the greatest common divisor of 160 and u.
32
Suppose 0 = 5*h + 2*d + 234, -d = -2*h - 5*d - 100. Let p = h + 81. Let m = 208 + -201. What is the highest common factor of m and p?
7
Suppose 0 = -6*f + 2*f. Suppose f = 2*y - 8, 2*y + 56 = 2*z + 3*y. Calculate the highest common factor of z and 208.
26
Let s be ((-78)/(-12))/(7/28). Calculate the greatest common factor of 1898 and s.
26
Let r = -25 - -25. Suppose -3*x + 547 = 5*m, r*m + 4*x - 436 = -4*m. What is the highest common divisor of m and 10?
10
Let l(y) = -y**3 + 8*y**2 - 3*y + 8. Let i be l(7). Let z be 136/i - (-2)/9. Suppose f = 1 + z. What is the highest common factor of f and 35?
5
Suppose -259 = -3*l + 233. Calculate the highest common factor of l and 4.
4
Let h = -101 - 91. Let z be ((-438)/(-9) + 0)/(6/(-9)). Let k = z - h. What is the highest common factor of 17 and k?
17
Suppose -175 = -8*a - 15. Let r be 300/(-18)*-3*1. Suppose -2*x - r = -7*x. Calculate the greatest common factor of a and x.
10
Let h(f) be the third derivative of f**6/120 + 7*f**5/60 - f**4/12 + 5*f**3/3 - 17*f**2. Let v be h(-7). Calculate the greatest common factor of v and 24.
24
Suppose -2*l + 20 = 2. Let d be (-2)/(-5) - 264/(-15). What is the highest common divisor of d and l?
9
Let s(z) = 52*z - 236. Let v be s(13). Calculate the greatest common divisor of v and 40.
40
Suppose 2660 = 133*i - 126*i. What is the greatest common divisor of i and 304?
76
Let f be (-6)/(-27) + (-119)/9. Let j = f - -22. Suppose -b - 3*z = -15, -3*z = -5*b + 9*b - 24. What is the greatest common divisor of j and b?
3
Let c be (-24)/(-11) - (-4)/(-22). Suppose -102 = -c*v - 2*v - 2*w, -2*w = 2*v - 46. What is the highest common divisor of v and 14?
14
Suppose -2*z + 67 = 5. Let h = z - 3. Let l = 718 + -676. What is the greatest common divisor of l and h?
14
Let s be (4 + ((-23)/2 - -3))*2. Let d be -2 - (-15)/(-5) - s. Calculate the highest common divisor of d and 32.
4
Let s be 8 - (-1)/2*(2 - -6). Calculate the highest common divisor of 28 and s.
4
Let y = 3336 - 2912. Suppose 2*k - 4*g + 3 = 101, k + 3*g = 59. What is the highest common factor of y and k?
53
Let z = -60 - -65. Suppose -4*a = -5*p + 100, -4*p - z*a = p - 55. What is the highest common divisor of p and 4?
4
Let u = 9 + -1. What is the greatest common factor of u and 16?
8
Let z(a) = 7*a**2 - 19*a + 16. Let r be z(6). Calculate the highest common divisor of 14 and r.
14
Suppose -46*a + 12200 = 15*a. Calculate the greatest common factor of a and 340.
20
Let t = -394 + 859. What is the greatest common factor of t and 15?
15
Suppose -d - 4 = 2*r - 26, 75 = 4*d - 5*r. Let z be (-134)/(-10) - (-12)/d. What is the greatest common divisor of z and 14?
14
Suppose 5*t + 3*y - 20 = 43, 2*y = -t + 14. Calculate the greatest common factor of 9 and t.
3
Suppose -4*b + 5*a = b - 30, -a + 5 = 0. Suppose -z - k + 74 = 2*k, -3*k - 157 = -2*z. What is the highest common divisor of b and z?
11
Let y be (-8)/(-28) - 40/(-7). Let d be (-24)/(-10) + y/(-15). Let f be ((-4)/10)/(d/(-40)). What is the highest common factor of f and 16?
8
Suppose -5343 = -6*w + 861. Suppose -4*q - w = -s, -731 = -4*s - 3*q + 3348. Suppose